5*c - 3*c + 43 = v, v = -j*c + 35. What is the units digit of v?
9
Suppose -2*m - 2*l - 7 - 1 = 0, -l = -5*m - 2. What is the tens digit of m/((-59)/(-60) + -1)?
6
Suppose 8*c - 32 + 0 = 0. Suppose 0 = c*p - 141 - 111. What is the tens digit of p?
6
What is the thousands digit of (-1 + 2)/(-15*(-8)/456360)?
3
Let s be (-6)/21*14*-1. Suppose 21 = 4*i + s*j + 9, -5*j = -4*i + 30. Suppose 0 = -4*q - i*z + 15 + 214, -4*z + 20 = 0. What is the tens digit of q?
5
Let g(x) = -245*x**3 + 3*x**2 + 31*x + 56. What is the units digit of g(-2)?
6
Let b = -35 + 37. Let q = 1 - -1. Suppose q*j + 6 = b*t, -t = 3*t - 5*j - 13. What is the units digit of t?
2
Suppose -51*f = -34*f - 15028. What is the tens digit of f?
8
Let p(x) = -13*x - 8. Let w(i) = i. Let a(h) = 2*p(h) + 18*w(h). Let d(c) = 2*c**2 + 12*c - 11. Let m be d(-6). What is the tens digit of a(m)?
7
Let k(t) = -t**3 + 6*t**2 + t + 2. Let f be k(-4). Suppose -6*i - 154 - f = 0. Let a = 104 + i. What is the units digit of a?
2
Let h(j) = -j**2 - 11*j - 7. Let k be h(-10). Suppose i - 90 = -a, a + k*i - 78 = -2*i. What is the tens digit of a?
9
Let k(w) be the third derivative of -w**4/12 - 7*w**3/6 - 3*w**2. What is the units digit of k(-6)?
5
Let x = -29 - -31. Suppose 0 = -x*l + 4*l - 120. What is the units digit of l?
0
Let m(h) be the first derivative of -h**5/120 - h**4/6 + h**3/3 + 5. Let n(d) be the third derivative of m(d). What is the units digit of n(-6)?
2
Let l(d) = 16*d - 1. Let o be l(1). Suppose -4*s + 7*z = 2*z + o, -5*s - 2*z + 6 = 0. Suppose -3*f + s*f = -27. What is the units digit of f?
9
Suppose -8*u + 6*u + 32 = 0. Let f be (2 - 3/1)*-11. Suppose u*k = f*k + 100. What is the tens digit of k?
2
What is the hundreds digit of -781*(-6)/(-4)*(-4)/6?
7
Suppose 4 = 5*o - o. Let v be ((-130)/(-40))/(o/(-4)). What is the units digit of (v + -2)*10/(-3)?
0
What is the hundreds digit of (46 + 46)*2/(4/14)?
6
Suppose 2*d + 12 = 5*f - 2*d, -8 = -4*d. Let t(b) = -6*b**3 + 6*b**2 + 14*b**3 - 4*b - 9*b**3. What is the units digit of t(f)?
6
Suppose -3*i + 50 = -16. Let o = -20 + i. What is the units digit of o?
2
Let l = 203 - 103. What is the units digit of l?
0
Let u = 22 - 34. Let w be (u/(-8))/(1/2). Suppose -w*j = -2*j - 49. What is the units digit of j?
9
Suppose 53*f = 51*f + 1056. What is the units digit of f?
8
Let o(v) = 16*v**2 - 14. Let h be o(7). Suppose 0 = a + 2*m - 260, -h = -3*a + 4*m. What is the tens digit of a?
5
Let s = 55 + -47. Let y(z) = 2*z**2 + 6*z - 13. What is the hundreds digit of y(s)?
1
Let i = 4 + 14. Suppose 2*q = 3*x - 8, 2*x = -2*q - 3*q + i. Let t = q - -10. What is the tens digit of t?
1
Let f(q) be the first derivative of 2*q**3/3 - q**2/2 + 7*q + 7. What is the tens digit of f(3)?
2
Let a = 1412 - 383. What is the hundreds digit of a?
0
What is the units digit of 24/108 - (3 - (-4334)/(-18))?
8
Let i(r) = 4 + 0 - 10 + r**2 - 1. Let j be i(-5). What is the units digit of 106/12 + 3/j?
9
Let k be (-9)/36 - 2/((-8)/1). Suppose k*p - 2*o = -3*p + 126, p - 42 = -5*o. What is the units digit of p?
2
Suppose -6*t + 2*t = 0. Suppose -5*b - 4*z + 21 = 0, -2*z - 12 = -2*b - 0*z. Suppose 3*c = -t*l + 2*l - 73, c + b = 0. What is the units digit of l?
9
Let s(f) = -4 - 11*f + 2 + 5*f - 2. Let c be s(-4). Suppose -2*m = 3*m - c. What is the units digit of m?
4
Suppose 4*s = -s + 25. Suppose -s*b = -62 - 28. Suppose 0 = 4*u - 2*k - b, -4*k = 5*u - 0*k + 10. What is the units digit of u?
2
Suppose 0 = 519*x - 525*x + 498. What is the units digit of x?
3
What is the units digit of 124 - (1 + (3 + -2 - 1))?
3
Let x = 703 + -253. What is the units digit of x?
0
Suppose -5*l + 17279 = -2*b, -12 = b - 10. What is the tens digit of l?
5
Let w be -2*1*(1 - 2). Suppose -4*s - d = 3*d + 24, -w*d = 4*s + 24. Let z = 20 + s. What is the tens digit of z?
1
Let x = -17 - -22. Suppose -220 + 25 = -5*n + x*z, -4*n = -3*z - 151. What is the tens digit of n?
3
Let o(r) be the first derivative of 21*r**2/2 - 3*r - 7. Let z be o(-3). What is the units digit of (z/5)/((-4)/10)?
3
Let c be 8/(-12)*(-9 - 0). Let p(r) = -c - 15 - 37*r + 26*r. What is the units digit of p(-7)?
6
Suppose -21 + 91 = y. Let f = y - 15. What is the tens digit of f?
5
Suppose 33*w - 43717 = -11971. What is the tens digit of w?
6
Let u(z) = z**2 - 20*z. Let x be u(20). Suppose 2*n - 32 - 20 = x. Suppose 0 = -4*o + 62 + n. What is the tens digit of o?
2
Let j(u) = -u**2 - 20*u + 29. Let d be j(-25). Let m = 212 + d. What is the hundreds digit of m?
1
Suppose -21*v + 29*v = 304. What is the units digit of v?
8
Suppose -5*h + 2*p + 874 = -1888, -1642 = -3*h + 5*p. What is the tens digit of h?
5
Let i(g) = -g**3 - 5*g**2 - 7*g - 6. Suppose 5*v = -23 + 3. Let q be i(v). Let c(u) = -u**2 + 9*u - 3. What is the tens digit of c(q)?
1
Let w(c) = -331 - 44*c**3 + 334 + 2*c**2 + 4*c + 43*c**3. Suppose -4*q + 1 = -x - 2*q, 5*x + 5*q + 20 = 0. What is the units digit of w(x)?
6
Let w be 21 + 0 - (0 + 1). Suppose -14*y = -11*y. Suppose 5*k + w = 5*i, 2 = -i + 4*k - y. What is the units digit of i?
6
Suppose 0 = 19*u - 17*u - 1160. What is the units digit of u?
0
Suppose 2*o + 5 - 3 = 0. Let y = o - -4. Suppose -4*w + y*w = -24. What is the tens digit of w?
2
Let k be ((-25)/(-30))/((-1)/(-6)). Let h(i) = -i**2 - 4*i + 5. Let n be h(-5). Suppose 2*g + k*r - 102 = 0, 5*g + n*r + r = 301. What is the tens digit of g?
6
Let q be (9/2)/(3/4). Let t(n) = 2*n + 11. Let p be t(q). Suppose -5*w + p = z - 4, 15 = 5*w + 5*z. What is the units digit of w?
6
What is the hundreds digit of 20*12/48 - -3317?
3
Suppose 5*o - 300 = 585. Let d = -180 + 298. Suppose -3*n + o = -q - 3*q, 2*n + 5*q = d. What is the units digit of n?
9
Let w be 3 - 4 - -24 - -1. Suppose -20*a - 136 = -w*a. What is the tens digit of a?
3
Let h = -2562 - -8857. What is the units digit of h?
5
Let u = 6 + -12. Let b be 13 - -1*u/(-3). What is the units digit of (-5)/(-15)*b*1?
5
Let v(d) = d**2 + 13*d + 3. Let i be v(-14). Let l = 6 + 39. Suppose -4*j = -5*u + i + l, -3*u - 5*j = -52. What is the units digit of u?
4
Let t(a) = -a**2 - 18*a - 9. Suppose 0*c - 4*p = 2*c + 34, -p = 0. What is the units digit of t(c)?
8
Let m(y) = 546*y - 1002. What is the hundreds digit of m(9)?
9
Let g be (-4)/(-6)*36/(-2). Let s be 26/(-4) + 18/g. What is the tens digit of 2/s*0 - -29?
2
Let k(g) = 2*g**2 + 5 - 4*g - 17*g + 4*g**2 - 5*g**2. What is the tens digit of k(26)?
3
Suppose -3*f + 588 = -5*q, 3*f + 2*q - 844 = -277. What is the tens digit of f?
9
Let c(b) = 3*b**3 + 2*b**2 - 2. Let s be c(-2). Let p = s + 22. What is the units digit of p?
4
Let w = -41 - -59. Suppose 560 = -13*o + w*o. What is the hundreds digit of o?
1
Let i = -106 + 638. What is the units digit of i?
2
Suppose 2*j = 3*d - 7*d + 14, d + j - 1 = 0. Let l(t) = -12 + 9 + d - 10*t. What is the units digit of l(-3)?
3
Let u(y) = y**2 - 6*y + 18. Let n be u(-8). Let a = -88 + n. What is the units digit of a?
2
Suppose -j = -2*h - 25 + 7, 0 = -4*h + 4. Suppose 0 = 5*i - j, 13 = -d + 2*i + 48. Let y = -17 + d. What is the tens digit of y?
2
Let l(k) = k + 10. Let i be l(-8). Let t be (11 + -1)*(4 - i). Suppose -t = -3*c - 2. What is the units digit of c?
6
Suppose 8*k = 4*k + 12, 5*f = -k + 18. Let x(y) = 9*y - 5. Let i be x(f). Suppose g + 9 - i = 0. What is the units digit of g?
3
What is the thousands digit of (5/(-4 - 1))/((-1)/1268)?
1
Suppose -5*b + 5706 = 126. What is the hundreds digit of b?
1
Suppose 0*g - 4*g + 8 = 0. Let c = 452 - 433. Suppose g*o - 5*y = 73, 5*y - c = -2*o + 4. What is the units digit of o?
4
Let c(j) = j**3 - 2*j**2 + 97. Let y be c(0). Suppose -2*h = 4*q - 148, -55 = -4*q - 3*h + y. What is the tens digit of q?
3
Suppose 167 = 4*w + 59. What is the tens digit of w?
2
Let p = 89 + -77. Suppose 7*b + 555 = p*b. What is the hundreds digit of b?
1
Suppose 4*d = 16, 84*b - 81*b - d - 3428 = 0. What is the tens digit of b?
4
Suppose 22*r = 8132 + 5090. What is the units digit of r?
1
Suppose 7*f - 5*m = 6*f + 4375, 3*f + 5*m = 13125. What is the thousands digit of f?
4
Let w be (-4 + 5)*-1*2. Let k(u) = -u**3 - u. What is the units digit of k(w)?
0
Let b(u) = -7*u + 108. Let p be b(0). What is the units digit of p/2 + -12 + 12?
4
Let f(h) = h**3 + 13*h**2 + 7*h - 1. Let j(y) = -4*y**2 + 2*